 12) to base 9.
3
Convert 20 (base 10) to base 12.
18
What is -1 (base 16) in base 12?
-1
5 (base 14) to base 6
5
-8 (base 9) to base 4
-20
-16 (base 13) to base 15
-14
Convert -13 (base 5) to base 6.
-12
Convert 21 (base 3) to base 8.
7
Convert 73 (base 12) to base 7.
153
Convert -123 (base 4) to base 13.
-21
What is 38 (base 9) in base 16?
23
What is -6 (base 12) in base 14?
-6
Convert -19 (base 14) to base 4.
-113
36 (base 11) to base 6
103
5 (base 14) to base 15
5
What is 1113 (base 6) in base 8?
405
1 (base 13) to base 9
1
39 (base 12) to base 15
30
31 (base 6) to base 5
34
244 (base 8) to base 13
c8
Convert 36 (base 13) to base 6.
113
-11 (base 7) to base 11
-8
What is 0 (base 12) in base 9?
0
Convert 11 (base 2) to base 5.
3
Convert a (base 13) to base 16.
a
Convert -10 (base 4) to base 5.
-4
What is -12 (base 13) in base 15?
-10
Convert 1 (base 6) to base 3.
1
What is -4 (base 5) in base 15?
-4
Convert 30 (base 9) to base 10.
27
-2 (base 5) to base 7
-2
Convert 212 (base 4) to base 11.
35
Convert 76 (base 15) to base 16.
6f
4 (base 16) to base 14
4
What is 64 (base 11) in base 5?
240
What is -3 (base 7) in base 5?
-3
-49 (base 10) to base 7
-100
What is 6 (base 15) in base 2?
110
What is 76 (base 16) in base 7?
226
Convert 2 (base 16) to base 11.
2
-1102 (base 4) to base 12
-6a
Convert -40 (base 16) to base 9.
-71
-4 (base 13) to base 6
-4
140 (base 5) to base 13
36
Convert 140 (base 9) to base 5.
432
What is -156 (base 11) in base 9?
-222
49 (base 15) to base 6
153
Convert -33 (base 15) to base 12.
-40
Convert 20 (base 4) to base 9.
8
-4a (base 11) to base 7
-105
What is 11 (base 2) in base 4?
3
Convert -13 (base 15) to base 5.
-33
-4 (base 7) to base 4
-10
What is -15 (base 6) in base 14?
-b
Convert -44 (base 9) to base 10.
-40
-46 (base 15) to base 3
-2110
9 (base 16) to base 2
1001
Convert 79 (base 10) to base 11.
72
21 (base 5) to base 11
10
What is 16 (base 15) in base 7?
30
31 (base 4) to base 3
111
-1 (base 11) to base 13
-1
Convert 14a (base 15) to base 8.
447
Convert -11 (base 2) to base 5.
-3
221 (base 3) to base 9
27
What is -1 (base 15) in base 5?
-1
What is 2 (base 7) in base 10?
2
-6 (base 14) to base 10
-6
3 (base 13) to base 2
11
Convert 1 (base 8) to base 14.
1
What is -2 (base 4) in base 3?
-2
What is 3 (base 16) in base 15?
3
1111010 (base 2) to base 5
442
0 (base 8) to base 11
0
Convert 1100 (base 3) to base 14.
28
Convert 11 (base 8) to base 9.
10
What is 5 (base 16) in base 9?
5
What is -11 (base 5) in base 10?
-6
2 (base 13) to base 4
2
-3 (base 9) to base 10
-3
Convert 0 (base 14) to base 12.
0
What is 16 (base 16) in base 10?
22
What is -11 (base 11) in base 4?
-30
1 (base 15) to base 5
1
Convert -1 (base 2) to base 8.
-1
What is 13b (base 16) in base 15?
160
2232 (base 4) to base 15
b9
Convert 5a (base 14) to base 13.
62
What is 251 (base 6) in base 2?
1100111
What is -f (base 16) in base 7?
-21
What is -192 (base 11) in base 9?
-266
What is -1110 (base 2) in base 9?
-15
11 (base 4) to base 7
5
39 (base 15) to base 11
4a
3 (base 4) to base 13
3
13 (base 4) to base 10
7
Convert 22 (base 6) to base 12.
12
-2 (base 4) to base 3
-2
Convert 222 (base 8) to base 2.
10010010
-16 (base 10) to base 8
-20
Convert 2 (base 10) to base 16.
2
-1 (base 5) to base 2
-1
1 (base 8) to base 16
1
Convert -33 (base 5) to base 13.
-15
7 (base 15) to base 13
7
34 (base 6) to base 9
24
What is -6 (base 8) in base 6?
-10
What is 2 (base 16) in base 12?
2
8 (base 14) to base 12
8
-7 (base 11) to base 9
-7
Convert 133 (base 7) to base 6.
201
Convert -250 (base 6) to base 16.
-66
What is 1 (base 8) in base 2?
1
Convert 8 (base 10) to base 3.
22
Convert -2 (base 5) to base 13.
-2
16 (base 10) to base 11
15
6 (base 7) to base 13
6
Convert -3 (base 9) to base 2.
-11
Convert 2 (base 8) to base 4.
2
Convert -1a2 (base 14) to base 10.
-338
What is 21 (base 5) in base 15?
b
Convert 2 (base 15) to base 9.
2
-241 (base 10) to base 14
-133
Convert -10 (base 3) to base 4.
-3
Convert 13 (base 15) to base 8.
22
23 (base 7) to base 8
21
Convert 1221 (base 3) to base 8.
64
-2 (base 8) to base 12
-2
What is 22 (base 6) in base 15?
e
Convert 8 (base 13) to base 9.
8
What is -3 (base 7) in base 4?
-3
What is 0 (base 9) in base 13?
0
Convert -41 (base 7) to base 15.
-1e
0 (base 9) to base 2
0
What is 0 (base 11) in base 2?
0
What is 2 (base 4) in base 5?
2
What is -5 (base 11) in base 10?
-5
10 (base 3) to base 5
3
Convert -1a (base 15) to base 7.
-34
What is -3 (base 12) in base 14?
-3
Convert -12 (base 8) to base 5.
-20
What is -1312 (base 4) in base 7?
-226
Convert -1 (base 15) to base 13.
-1
-1 (base 6) to base 7
-1
35 (base 11) to base 15
28
-7 (base 12) to base 7
-10
What is -1 (base 4) in base 9?
-1
What is 10 (base 11) in base 9?
12
Convert -2 (base 15) to base 7.
-2
Convert -6 (base 11) to base 6.
-10
What is -3 (base 14) in base 3?
-10
What is -2 (base 7) in base 8?
-2
What is -22112 (base 3) in base 11?
-19a
-10 (base 10) to base 11
-a
Convert -4 (base 16) to base 5.
-4
13 (base 10) to base 4
31
What is 34 (base 5) in base 6?
31
Convert a6 (base 13) to base 2.
10001000
What is -34 (base 6) in base 15?
-17
What is 4 (base 13) in base 5?
4
Convert 6 (base 9) to base 5.
11
What is 10000 (base 2) in base 13?
13
Convert 13 (base 9) to base 13.
c
What is -115 (base 11) in base 12?
-b5
-6 (base 15) to base 5
-11
Convert -10 (base 5) to base 8.
-5
10 (base 6) to base 7
6
2 (base 3) to base 13
2
What is -10 (base 11) in base 14?
-b
-62 (base 8) to base 3
-1212
-2 (base 3) to base 10
-2
What is -2 (base 6) in base 16?
-2
What is 6 (base 14) in base 10?
6
Convert -7 (base 8) to base 15.
-7
-89 (base 13) to base 6
-305
What is -1 (base 8) in base 5?
-1
Convert a (base 16) to base 5.
20
Convert 111 (base 2) to base 8.
7
122 (base 8) to base 14
5c
What is 1011 (base 2) in base 15?
b
What is -22 (base 6) in base 5?
-24
Convert -26 (base 13) to base 3.
-1012
What is 1 (base 15) in base 7?
1
What is 3 (base 9) in base 4?
3
7 (base 15) to base 2
111
What is 6 (base 12) in base 2?
110
Convert -300 (base 4) to base 14.
-36
What is 31 (base 5) in base 11?
15
Convert -32 (base 13) to base 12.
-35
Convert -1101100 (base 2) to base 11.
-99
Convert -21 (base 5) to base 7.
-14
-60 (base 9) to base 12
-46
Convert -2 (base 13) to base 2.
-10
-26 (base 13) to base 11
-2a
Convert 10 (base 3) to base 2.
11
-51 (base 13) to base 12
-56
Convert -21 (base 7) to base 16.
-f
-102212 (base 3) to base 13
-1b8
Convert -39 (base 11) to base 5.
-132
-17 (base 16) to base 7
-32
What is -34 (base 9) in base 6?
-51
What is -55 (base 10) in base 16?
-37
What is 7 (base 14) in base 2?
111
14 (base 15) to base 10
19
1 (base 15) to base 13
1
What is -454 (base 6) in base 16?
-b2
Convert -41 (base 9) to base 16.
-25
What is -2 (base 11) in base 5?
-2
-1 (base 9) to base 8
-1
24 (base 6) to base 11
15
28 (base 11) to base 13
24
-142 (base 5) to base 3
-1202
What is -10 (base 2) in base 6?
-2
Convert 205 (base 6) to base 13.
5c
-122 (base 10) to base 6
-322
Convert 20 (base 4) to base 3.
22
74 (base 10) to base 16
4a
3 (base 11) to base 7
3
-17 (base 9) to base 13
-13
What is -12 (base 8) in base 16?
-a
2 (base 14) to base 13
2
What is 100100110 (base 2) in base 14?
170
-5 (base 11) to base 3
-12
What is 42 (base 5) in base 9?
24
What is 1 (base 13) in base 2?
1
2 (base 15) to base 3
2
Convert -50 (base 10) to base 5.
-200
12 (base 9) to base 11
10
13 (base 9) to base 16
c
Convert 6 (base 13) to base 7.
6
Convert 54 (base 10) to base 15.
39
What is 3 (base 16) in base 11?
3
Convert 3 (base 5) to base 8.
3
What is -1 (base 2) in base 7?
-1
What is -4 (base 15) in base 16?
-4
What is 111 (base 2) in base 15?
7
-11 (base 4) to base 3
-12
What is 12 (base 10) in base 5?
22
81 (base 11) to base 7
155
Convert -247 (base 11) to base 7.
-566
What is -19 (base 10) in base 9?
-21
Convert 10 (base 11) to base 2.
1011
Convert 1 (base 14) to base 10.
1
Convert -1 (base 12) to base 7.
-1
-2 (base 7) to base 6
-2
What is -6 (base 14) in base 7?
-6
Convert -1 (base 16) to base 8.
-1
Convert 2a (base 11) to base 6.
52
What is -4 (base 16) in base 11?
-4
111101 (base 3) to base 14
1bb
11 (base 3) to base 14
4
-46 (base 13) to base 9
-64
-4a (base 13) to base 12
-52
Convert -31 (base 7) to base 4.
-112
-42 (